and 18?
18
Calculate the highest common factor of 16 and 1856.
16
What is the greatest common divisor of 384 and 240?
48
What is the highest common divisor of 41 and 369?
41
Calculate the highest common divisor of 2867 and 94.
47
What is the greatest common divisor of 1276 and 2204?
116
What is the highest common divisor of 1287 and 12155?
143
Calculate the greatest common factor of 282 and 2726.
94
Calculate the greatest common divisor of 1025 and 3895.
205
What is the highest common divisor of 12114 and 126?
18
What is the greatest common factor of 992 and 80?
16
What is the greatest common divisor of 74 and 888?
74
Calculate the greatest common divisor of 2366 and 1326.
26
What is the greatest common factor of 46 and 345?
23
What is the greatest common factor of 94 and 9682?
94
What is the greatest common factor of 15 and 1635?
15
What is the highest common factor of 2 and 3288?
2
Calculate the greatest common divisor of 2176 and 17.
17
Calculate the highest common factor of 44 and 44.
44
Calculate the greatest common divisor of 2 and 314.
2
What is the greatest common divisor of 60 and 160?
20
What is the highest common divisor of 348 and 7076?
116
What is the greatest common divisor of 391 and 51?
17
Calculate the greatest common factor of 172 and 129.
43
What is the highest common divisor of 2569 and 28?
7
Calculate the highest common divisor of 28 and 98.
14
What is the greatest common factor of 2236 and 172?
172
Calculate the highest common divisor of 160 and 250.
10
Calculate the greatest common divisor of 25 and 125.
25
What is the highest common divisor of 159 and 1325?
53
Calculate the greatest common divisor of 28 and 13580.
28
What is the greatest common factor of 355 and 781?
71
What is the greatest common factor of 462 and 147?
21
Calculate the greatest common divisor of 15 and 285.
15
What is the highest common divisor of 2555 and 175?
35
Calculate the highest common factor of 2142 and 1938.
102
What is the greatest common factor of 330 and 50325?
165
Calculate the greatest common factor of 39991 and 203.
203
What is the greatest common factor of 576 and 48?
48
Calculate the greatest common divisor of 34 and 391.
17
Calculate the greatest common divisor of 160 and 15440.
80
What is the highest common factor of 141 and 159?
3
What is the greatest common divisor of 146 and 2117?
73
Calculate the highest common factor of 27 and 1107.
27
What is the greatest common divisor of 18 and 66?
6
Calculate the greatest common divisor of 41571 and 31.
31
Calculate the highest common divisor of 141 and 517.
47
What is the greatest common divisor of 8 and 1454?
2
What is the highest common divisor of 16 and 3504?
16
Calculate the highest common divisor of 64 and 16.
16
What is the highest common divisor of 1513 and 356?
89
Calculate the highest common divisor of 47 and 611.
47
Calculate the greatest common factor of 67827 and 23.
23
Calculate the highest common divisor of 24 and 1176.
24
Calculate the highest common divisor of 185 and 111.
37
Calculate the greatest common factor of 176 and 2024.
88
What is the greatest common divisor of 19 and 1387?
19
Calculate the highest common factor of 575 and 75.
25
What is the greatest common divisor of 5 and 100?
5
What is the highest common divisor of 1102 and 304?
38
Calculate the highest common factor of 1862 and 38.
38
What is the highest common factor of 10 and 445?
5
What is the highest common factor of 924 and 84?
84
Calculate the greatest common divisor of 153 and 72.
9
Calculate the greatest common factor of 1596 and 152.
76
Calculate the greatest common factor of 224 and 56.
56
What is the greatest common divisor of 10 and 1500?
10
What is the highest common factor of 162 and 6?
6
Calculate the greatest common divisor of 96 and 72.
24
What is the greatest common divisor of 10 and 75410?
10
What is the greatest common divisor of 6383 and 39?
13
Calculate the greatest common factor of 2587 and 2985.
199
Calculate the highest common factor of 116 and 3712.
116
What is the highest common divisor of 21 and 182?
7
What is the greatest common factor of 35 and 714?
7
What is the highest common factor of 640 and 60?
20
What is the greatest common divisor of 8791 and 413?
59
Calculate the highest common factor of 209 and 76.
19
What is the highest common divisor of 2360 and 80?
40
Calculate the greatest common factor of 1008 and 612.
36
Calculate the greatest common divisor of 1573 and 33.
11
Calculate the greatest common divisor of 52 and 130.
26
Calculate the highest common divisor of 5252 and 26.
26
Calculate the highest common factor of 11209 and 11.
11
What is the highest common divisor of 58 and 2378?
58
What is the greatest common divisor of 39 and 26?
13
Calculate the greatest common divisor of 2225 and 75.
25
What is the highest common factor of 12 and 89?
1
What is the greatest common divisor of 5434 and 114?
38
What is the greatest common factor of 35 and 42?
7
What is the greatest common divisor of 13 and 1573?
13
What is the greatest common divisor of 1050 and 42?
42
Calculate the highest common divisor of 48 and 384.
48
What is the highest common divisor of 58 and 12905?
29
Calculate the greatest common factor of 8733 and 355.
71
What is the highest common divisor of 250 and 425?
25
Calculate the highest common divisor of 300 and 1875.
75
Calculate the highest common factor of 20 and 280.
20
Calculate the greatest common divisor of 14 and 350.
14
What is the highest common factor of 132 and 33?
33
Calculate the greatest common factor of 160 and 5648.
16
Calculate the greatest common divisor of 39 and 169.
13
Calculate the greatest common divisor of 496 and 217.
31
What is the highest common factor of 4 and 100?
4
Calculate the greatest common divisor of 350 and 75.
25
What is the highest common divisor of 806 and 1240?
62
What is the greatest common factor of 4029 and 153?
51
What is the highest common factor of 1173 and 561?
51
Calculate the greatest common divisor of 82 and 11398.
82
Calculate the highest common divisor of 435 and 261.
87
What is the highest common divisor of 127 and 1397?
127
What is the highest common factor of 691 and 3?
1
What is the greatest common factor of 360 and 440?
40
What is the highest common divisor of 216 and 17388?
108
What is the greatest common divisor of 40 and 4540?
20
What is the highest common divisor of 1139 and 67?
67
What is the greatest common divisor of 33 and 28325?
11
Calculate the highest common divisor of 259 and 851.
37
What is the greatest common factor of 6 and 74?
2
Calculate the greatest common divisor of 2826 and 63.
9
Calculate the greatest common factor of 58 and 145.
29
What is the greatest common divisor of 5 and 745?
5
Calculate the highest common divisor of 135 and 60.
15
What is the highest common factor of 198 and 18?
18
Calculate the highest common divisor of 3290 and 210.
70
What is the greatest common divisor of 360 and 2280?
120
What is the highest common factor of 272 and 578?
34
What is the greatest common divisor of 344 and 8?
8
Calculate the greatest common divisor of 792 and 22.
22
Calculate the highest common divisor of 332 and 4.
4
Calculate the highest common factor of 10 and 13.
1
Calculate the greatest common divisor of 1179 and 36.
9
Calculate the greatest common divisor of 55 and 77.
11
What is the greatest common divisor of 234 and 228?
6
Calculate the highest common factor of 70 and 385.
35
What is the greatest common factor of 648 and 1536?
24
What is the greatest common divisor of 5966 and 76?
38
Calculate the highest common divisor of 1098 and 18.
18
Calculate the highest common divisor of 15752 and 88.
88
What is the highest common divisor of 36 and 828?
36
Calculate the greatest common divisor of 144 and 468.
36
Calculate the greatest common divisor of 1836 and 2700.
108
What is the highest common divisor of 41 and 4428?
41
Calculate the greatest common factor of 355 and 142.
71
What is the highest common factor of 22 and 21857?
11
What is the greatest common factor of 22 and 198?
22
What is the highest common factor of 2340 and 18?
18
What is the greatest common divisor of 24 and 8808?
24
What is the greatest common divisor of 26 and 2?
2
What is the greatest common divisor of 125 and 50?
25
Cal